se 15, what is 4 + -95?
-91
In base 16, what is -1d + -11?
-2e
In base 10, what is -1370 - 7?
-1377
In base 14, what is -1b49 + 3?
-1b46
In base 6, what is 43 - -20?
103
In base 4, what is 2 + -300001?
-233333
In base 6, what is -4 - -2514?
2510
In base 6, what is -41113 + 5?
-41104
In base 6, what is -1 + -41001?
-41002
In base 7, what is -504 - 5?
-512
In base 8, what is 1070 + -2?
1066
In base 11, what is -197 + -16?
-202
In base 10, what is -92 - -9?
-83
In base 9, what is -32 - 7?
-40
In base 8, what is 2 - 34?
-32
In base 13, what is -b6 - 1?
-b7
In base 12, what is b - -5?
14
In base 15, what is 587 + 1?
588
In base 10, what is -37 + -100?
-137
In base 9, what is -1081 + -3?
-1084
In base 6, what is 11101 + 2?
11103
In base 6, what is -5 - 1421?
-1430
In base 6, what is -35 + 40?
1
In base 2, what is -111001010010 - 11?
-111001010101
In base 4, what is 10 - -311031?
311101
In base 6, what is 55 + 4?
103
In base 2, what is -1101 + 101111?
100010
In base 7, what is -1 - -5?
4
In base 2, what is 1100000 - 1100?
1010100
In base 9, what is 2 - -10?
12
In base 16, what is 2d5 + a?
2df
In base 14, what is -9917 - -3?
-9914
In base 5, what is -230412 - -10?
-230402
In base 8, what is -262 + -13?
-275
In base 16, what is -2 + -c67?
-c69
In base 2, what is -1010 + 100?
-110
In base 15, what is -2 + -a3?
-a5
In base 2, what is -101 - -11001?
10100
In base 2, what is -11000110 - -11?
-11000011
In base 5, what is -4 + 440?
431
In base 9, what is 3 - 1266?
-1263
In base 12, what is 4 + 1328?
1330
In base 6, what is -4211 + -4?
-4215
In base 10, what is 438 + -18?
420
In base 9, what is 3 + 3630?
3633
In base 5, what is -20 + 313?
243
In base 15, what is 3 + 30d?
311
In base 14, what is -5 + -22?
-27
In base 15, what is e - 32?
-23
In base 16, what is -82 + -5?
-87
In base 9, what is -1210 - 0?
-1210
In base 10, what is -1 - 819?
-820
In base 12, what is 5 - -19?
22
In base 15, what is -78d + -2?
-790
In base 13, what is 29 + -4?
25
In base 5, what is -41034 - -14?
-41020
In base 5, what is -10 + -24?
-34
In base 2, what is -100 + -111100?
-1000000
In base 4, what is -1 + -22133?
-22200
In base 15, what is -35 - 1?
-36
In base 5, what is 10 + 100?
110
In base 8, what is 1 + 36?
37
In base 9, what is -2 + -27?
-30
In base 5, what is -1443 - -1?
-1442
In base 10, what is 33 - -437?
470
In base 15, what is -5 - 79b?
-7a1
In base 4, what is 11 - 100133?
-100122
In base 15, what is -5 + 57?
52
In base 6, what is -1305 - 4?
-1313
In base 6, what is -25 - 3?
-32
In base 7, what is -2 + 21221?
21216
In base 12, what is 5 - -61?
66
In base 10, what is -5 - 38?
-43
In base 8, what is 25 + 4?
31
In base 10, what is 5 + -40?
-35
In base 4, what is -32 - -200?
102
In base 8, what is -1227 - -5?
-1222
In base 4, what is 12 + -1?
11
In base 2, what is -100 - 110000?
-110100
In base 7, what is -6 + 231?
222
In base 12, what is -6 - -77?
71
In base 14, what is 45 - 6?
3d
In base 6, what is 110 + 415?
525
In base 2, what is 11111 - 0?
11111
In base 16, what is 5 - 2ee?
-2e9
In base 14, what is -4 + -b?
-11
In base 8, what is -577 - 3?
-602
In base 10, what is -101 + -74?
-175
In base 15, what is -ba - e?
-c9
In base 12, what is 21 - 52?
-31
In base 14, what is -c - c6?
-d4
In base 5, what is 134 + -2?
132
In base 14, what is 395 + 0?
395
In base 5, what is 10 + -340?
-330
In base 2, what is -1 - -10000?
1111
In base 16, what is 4 + -1e6?
-1e2
In base 9, what is 4 + -1270?
-1265
In base 10, what is -5 + -1151?
-1156
In base 15, what is 17 + -2?
15
In base 6, what is 21 - -40?
101
In base 3, what is -101 + 1002211?
1002110
In base 16, what is -672 - -6?
-66c
In base 16, what is -45 - -2?
-43
In base 4, what is 10231 + -3?
10222
In base 9, what is -4 + 506?
502
In base 8, what is 44 + -7?
35
In base 2, what is 111111011 - 101?
111110110
In base 14, what is 1 + 65d?
660
In base 16, what is 5 + 99?
9e
In base 5, what is 133 + -2?
131
In base 10, what is 1561 - 11?
1550
In base 16, what is 244 - -a?
24e
In base 9, what is -1 - -401?
400
In base 7, what is 114 + 1036?
1153
In base 13, what is 12410 - -4?
12414
In base 14, what is -581 + 7?
-578
In base 13, what is 1 - 3?
-2
In base 15, what is -1 - d8?
-d9
In base 3, what is 101210 - 10?
101200
In base 2, what is 1 - -10110?
10111
In base 6, what is -145 + -5?
-154
In base 3, what is 1202 - 121?
1011
In base 10, what is 54 + -4?
50
In base 6, what is 130 - 11?
115
In base 12, what is -110 - b?
-11b
In base 15, what is 5 - 9c?
-97
In base 15, what is -30 + -21?
-51
In base 4, what is 32 - -1123?
1221
In base 10, what is 4 + 1?
5
In base 5, what is -10 - 3140?
-3200
In base 9, what is 3 + 233?
236
In base 13, what is 4c + b?
5a
In base 7, what is -23626 + -3?
-23632
In base 10, what is 19 - -1?
20
In base 5, what is 3 + -3?
0
In base 7, what is 5 - 56?
-51
In base 11, what is -4 - -41?
38
In base 6, what is -110 - -5?
-101
In base 15, what is 3b + 4?
40
In base 15, what is 4 - -a4?
a8
In base 13, what is 4a7 + -2?
4a5
In base 16, what is 64 + d?
71
In base 4, what is -10322 - -2?
-10320
In base 6, what is -502 - -5?
-453
In base 2, what is -11010 + -10011?
-101101
In base 6, what is 2 - 5?
-3
In base 10, what is -8 - -19?
11
In base 4, what is 222 - -120?
1002
In base 11, what is -229 - -3?
-226
In base 3, what is 101122 - 1010?
100112
In base 2, what is 110100 + 10000?
1000100
In base 7, what is -2 - -151?
146
In base 14, what is -15 + bb?
a6
In base 6, what is 32 - 100?
-24
In base 15, what is -11a + -10?
-12a
In base 4, what is -23 - -313?
230
In base 8, what is -132 - 6?
-140
In base 10, what is 63 + 1?
64
In base 11, what is 5 - 48?
-43
In base 15, what is -29e - -2?
-29c
In base 8, what is 1655 + 2?
1657
In base 14, what is -6 + 3b8?
3b2
In base 16, what is 6 - 8?
-2
In base 7, what is 101 - 4?
64
In base 5, what is -113 - 412?
-1030
In base 9, what is -110 + 5?
-104
In base 9, what is -3 + 202?
188
In base 10, what is -701 - 1?
-702
In base 6, what is 13333 - -1?
13334
In base 12, what is -2 + -83?
-85
In base 15, what is 1 - d04?
-d03
In base 11, what is -1a - -210?
1a1
In base 5, what is -44 + -13314?
-13413
In base 12, what is -68 + 0?
-68
In base 4, what is 100 - 1002?
-302
In base 11, what is -1776 - 5?
-1780
In base 12, what is -1 - 1b4?
-1b5
In base 14, what is 29d - -3?
2a2
In base 9, what is -1004 - 2?
-1006
In base 9, what is 1 + -11?
-10
In base 7, what is -5 - -4052?
4044
In base 13, what is 953 + -4?
94c
In base 6, what is -12121 - 15?
-12140
In base 2, what is -11101000000 - 11?
-11101000011
In base 14, what is 2 + -108?
-106
In base 7, what is 3 + -110?
-104
In base 7, what is -501 + 5?
-463
In base 12, what is -1 + -2093?
-2094
In base 10, what is -3 - -117?
114
In base 7, what is 515 + -24?
461
In base 10, what is -3 - -1476?
1473
In base 6, what is -20540 - 1?
-20541
In base 12, what is -2a15 - 5?
-2a1a
In base 8, what is 15 + 235?
252
In base 10, what is 3 - 519?
-516
In base 16, what is 1 - -21b?
21c
In base 14, what is -40 + 14?
-2a
In base 11, what is 16 + 16?
31
In base 11, what is 5 + -788?
-783
In base 12, what is -1 + 30?
2b
In base 7, what is 2 - 106?
-104
In base 8, what is 453 - -3?
456
In base 2, what is -10 + 11011011?
11011001
In base 11, what is 17529 - 4?
17525
In base 2, what is 101 - -101010?
101111
In base 9, what is -1535 + 2?
-1533
In base 8, what is -3 - 11?
-14
In base 11, what is -188 - -23?
-165
In base 2, what is -100110001000 - -101?
-100110000011
In base 11, what is -208 + 4?
-204
In base 12, what is -3 + -216?
-219
In base 3, what is -101 + 10212222?
10212121
In base 2, what is -1 - -10000100001?
10000100000
In base 6, what is -50 + -1?
-51
In base 7, what is 232330 - -2?
232332
In base 5, what is -40232 + -4?
-40241
In base 3, what is 12000 + 110?
12110
In base 14, what is 1274 - 2?
1272
In base 10, what is 112 - 3?
109
In base 5, what is -13 - -12?
-1
In base 12, what is 2383 - -2?
2385
In base 6, what is -113 + -242?
-355
In base 15, what is 11 + 17?
28
In base 5, what is 401 + 1?
402
In base 15, what is cd + 8?
d6
In base 7, what is -1 + -26?
-30
In base 9, what is -158 - 15?
-174
In base 4, what is 32 + -32?
0
In base 6, what is -523 + -1?
-524
In base 7, what is -34142 + 5?
-34134
In base 2, what is -10101 + 10000?
-101
In base 16, what is 267 - -4?
26b
In base 9,